osite?
False
Suppose -26 + 119 = -3*q. Let y = 16 - q. Is y composite?
False
Let s = -95 - -213. Is s a prime number?
False
Suppose -5*v - 1 = 14, 0 = -2*r - 4*v + 1246. Is r prime?
False
Let x = 1708 - 1073. Is x composite?
True
Let o = 3285 - 2072. Is o a composite number?
False
Let n(w) = -39*w**2 + 11*w - 14. Let v(s) = -13*s**2 + 4*s - 5. Let y(t) = -6*n(t) + 17*v(t). Let u(m) = m + 8. Let q be u(-7). Is y(q) prime?
False
Let i be ((-2)/8)/((-1)/20). Suppose 8 = i*h - 47. Is h composite?
False
Let o(g) = -g**2 + 6*g + 4. Let h be o(7). Let f(s) = -s**3 - 3*s**2 - 2*s - 4. Let m be f(h). Suppose m*w - 154 = -0*w. Is w prime?
False
Suppose -5*y + 166 = 4*h, 2*h = -3*y + 5*h + 78. Let g = 5 + y. Is g a composite number?
True
Let f = -565 + 1034. Is f composite?
True
Suppose c - 336 = 149. Is c prime?
False
Let b be 20*(-18)/(-4) - 4. Let w = b - 47. Is w composite?
True
Suppose -167 - 374 = -j. Is j a prime number?
True
Is (1 - 2) + -13 + 395 a composite number?
True
Let p(j) = -13*j + 1. Suppose -4*x = -0*x + 16. Is p(x) composite?
False
Suppose 3*h = -5*k + 26, h - 3*h = 3*k - 16. Suppose -i + 153 = -d, -4*i + 433 = k*d - 147. Is i composite?
False
Let c(b) = -2*b**3 - 4*b**2 - b + 4. Is c(-2) prime?
False
Let h be ((-855)/12)/(-5)*20. Suppose -3*c + h = -153. Suppose q - 94 = -5*m, 3*m - c - 21 = -2*q. Is q composite?
False
Let n = -13 + 32. Is n prime?
True
Let g = -9 - -16. Suppose 0 = 4*n + 4*s - 168, g*n + 2*s - 195 = 2*n. Suppose -2*k + n = c + 4*c, -2*c + k = -13. Is c a prime number?
True
Let s(y) = y**2 + 14*y + 4. Let k(w) = -1. Let l(q) = -2*k(q) - s(q). Is l(-11) a prime number?
True
Is 2/(-24)*-6*4382 composite?
True
Let f(m) = 9*m**2 + 21*m - 20. Is f(-18) a prime number?
False
Let f(u) = -5*u**3 - u. Suppose 2 = -4*i - 2*p, -3 = 4*i - 2*p + 3. Let q be f(i). Is 9/q*286/3 a composite number?
True
Let x = -3 - -6. Suppose 0 = -2*y + 5*s + 52, x*y + 2*s - 15 = 82. Is y composite?
False
Suppose 8*s - 4*s = 5*z - 7, -5*z = 5*s - 25. Suppose -2*w - j = -263, -z*j = -3*w + 2*w + 149. Is w a composite number?
True
Suppose 3*o = -7 - 5. Let r = o - -23. Is r a composite number?
False
Suppose 0 = -4*p + 8 + 4. Suppose -p*a = 4*q - 9, 5 = -5*a + 2*q - 6. Is 32 + 4 - (a - 0) a prime number?
True
Suppose 0 = k + 2*k - 24. Is 2*(2 + 612/k) a composite number?
False
Let r = -1258 - -1767. Is r composite?
False
Suppose -5*g + 11 = 4*t, 3*t = -0*g + g - 6. Let j(k) = 112*k**2 - k - 2. Is j(t) prime?
False
Suppose 4*i = 3940 - 72. Is i a composite number?
False
Let s = 834 + -283. Is s composite?
True
Let i = -5 - -10. Let g = -60 + 92. Suppose -x + 4*d = x - g, -i*x + 47 = d. Is x a prime number?
False
Let d = -300 - -427. Is d a prime number?
True
Let k = 9056 + -5113. Is k prime?
True
Suppose 0 = 12*u - 13*u + 2437. Is u composite?
False
Suppose 0 = -4*j + 1 + 23. Suppose j*b - 46 = 4*b. Is b composite?
False
Let q = -98 + 318. Suppose z - q = -z. Let i = z - 33. Is i a prime number?
False
Suppose 6*a = 5*a - 12. Is (-2816)/(-30) - a/90 composite?
True
Let t(f) = 2*f**2 - 15*f - 11. Let c be t(11). Let q = c - 13. Is q prime?
True
Is (-3)/15 - (-2062)/10 a composite number?
True
Let u be (294/3)/(3/6). Suppose -4*f = -376 - u. Is f a prime number?
False
Suppose m - 4*x + 229 = 4*m, 4*m + 3*x - 317 = 0. Is m a prime number?
True
Is (6/18)/(2/762) a composite number?
False
Let l(w) = 5*w**3 + 6*w - 7. Let s(d) = 4*d**3 + 5*d - 6. Let q = -2 + -1. Let y(x) = q*s(x) + 2*l(x). Is y(-3) prime?
True
Suppose -4*w + 20 = -4*p, 4*w - 6*p + p - 22 = 0. Suppose 5*q - w - 319 = -s, 0 = -3*q + 3*s + 204. Is q composite?
True
Suppose 31 + 473 = -4*i. Let j = -72 - i. Let p = -19 + j. Is p prime?
False
Suppose -18*b = -22*b + 6568. Is b prime?
False
Let i = 410 - 283. Is i composite?
False
Let u = 1514 + -973. Is u a prime number?
True
Let q(s) = s**2 + 2. Let a be q(5). Let u be 4*(-2)/4 + a. Suppose 0 = 5*n - 4*m - 181, n = -m - m + u. Is n composite?
True
Let m = 336 + 205. Is m a composite number?
False
Is ((-9609)/6)/((-8)/16) prime?
True
Let g(x) be the second derivative of x**4/4 - x**3/6 - x**2/2 - x. Let w be g(3). Suppose -k + w = -0*k. Is k a prime number?
True
Let z be 12/30 - 933/(-5). Let k = -120 + z. Is k a prime number?
True
Suppose 7*t - 4*t = 18. Suppose t = -0*g + 3*g, 4*n + 232 = 2*g. Is ((-4)/6)/(2/n) composite?
False
Let s(y) = 13*y**3 + 11*y**2 - 5*y + 2. Let c(l) = -20*l**3 - 17*l**2 + 7*l - 3. Let b(h) = -5*c(h) - 8*s(h). Is b(-4) prime?
False
Suppose 7*h + 0*h = 2107. Is h a prime number?
False
Let j = -10 + 8. Let o(a) = a**2 + 4*a + 4. Let z be o(-3). Let u = z - j. Is u composite?
False
Suppose 0 = -4*b - a + 220 + 312, 532 = 4*b - 4*a. Is b composite?
True
Let d be (36/15)/(2/10). Suppose -j = -3*j + d. Is j/(-4)*1*-34 composite?
True
Suppose g = 3*r - 19, 0*r - 4*r = -20. Suppose i - 3 = -1. Is ((-62)/g)/(1/i) a composite number?
False
Is (-4 + 8 + -2)*298/4 a composite number?
False
Let r = 907 - -552. Is r prime?
True
Let b(w) = -2*w**2 + 3*w - 1. Let h be b(2). Let d = h - -3. Suppose -3*x = -s - 117, 4*s - 2*s = d. Is x composite?
True
Let h(g) = -g**3 + 2*g**2 + g + 2. Let m be h(-2). Suppose -4*f + m = -0*f. Is ((-1)/1)/(f/(-28)) a composite number?
False
Let m be (0 - 5) + 2 - -451. Is 1 + -2 + m/4 composite?
True
Let j be ((-3)/1 - -2)*-13. Suppose 2*z - z + 41 = -5*v, v + j = -5*z. Is (-250)/v + 2/(-8) prime?
True
Let j = 10 + -6. Suppose 0*i - j = -2*i. Suppose -5*v - 3*p = -116, -5*v + 108 = i*p - 3*p. Is v prime?
False
Suppose -256 = -3*f - 103. Let b = 4 + -3. Is (-4)/((-4)/f)*b a prime number?
False
Suppose -h - 2677 = -4*n - 2*h, -3*h - 2673 = -4*n. Is n composite?
True
Let g(a) = 12*a**2 - 5*a - 5. Is g(6) a prime number?
True
Suppose -15 - 5 = 5*x. Let f = x + 4. Suppose f = -2*k + 6*k - 184. Is k composite?
True
Suppose 0 = -4*k + 5*s - 4, 2*k - 4*s = -8. Let f(j) = 30*j - 1. Let d be f(k). Let v = d + -82. Is v composite?
False
Let a be ((-45)/6)/(6/8). Let l be ((-12)/a)/((-15)/(-50)). Is (-25)/(-10) - (-2)/l composite?
False
Let g(x) be the first derivative of -x**3/3 - 3*x**2/2 + 4*x - 2. Let i be g(-3). Let j(l) = 10*l - 1. Is j(i) a prime number?
False
Let r(h) = -15*h - 5. Let p(s) = 2*s - 2. Let y be p(-2). Is r(y) a prime number?
False
Let c(o) = o**3 + 12*o**2 + 9*o + 7. Is c(-9) a composite number?
True
Suppose q = t + 2, 0 = 3*t - 2 + 14. Let c(i) = -i**2 - 3*i - 2. Let b be c(q). Let p = 3 - b. Is p prime?
True
Suppose 0 = -0*p - 4*p - 3*c - 23, -10 = p + 5*c. Is p + 5 + (-1 - -414) a prime number?
False
Let w(b) = 6*b**3 + b**2 + b + 3. Is w(3) a composite number?
True
Suppose -10 = 4*r + 2*t, -2*t - 10 = 5*r - 0. Let w be 1*(-1 - 1) + r. Is 1*(-37)/2*w a composite number?
False
Suppose -t - 1 = 3. Let o(c) = -c**3 - 3*c**2 + 4*c. Let s be o(t). Is -33*(s - (-3)/(-9)) composite?
False
Let l be 0 - (1 + -2) - -1. Suppose 5*m - 34 = 201. Suppose -l*n + 3*u + 183 = 3*n, 0 = -n - 2*u + m. Is n prime?
False
Is (-314)/(-1 - 3/3) composite?
False
Suppose -2 = -2*h - 0*h. Let z be (-1)/h*-6*-1. Let u = z + 99. Is u a composite number?
True
Is -4*(-35)/60*2787 a prime number?
False
Let z(i) = i**2 - 9*i - 4. Let s be z(9). Is ((-15)/(-3))/(s/(-52)) a composite number?
True
Let f(w) = -w**3 - 2*w**2 + 2*w - 3. Let v be f(-3). Suppose v = -3*u + 64 + 275. Is u prime?
True
Let r(z) = 8*z - 5. Let j(s) = 17 - 14*s - 6 - s. Let k(n) = 4*j(n) + 9*r(n). Is k(4) a composite number?
False
Is (-2)/7 - 14240/(-56) a prime number?
False
Suppose -3*t + 2*v = -235, v + 4*v + 10 = 0. Let a = t + 36. Is a composite?
False
Let u = 4199 - 2398. Is u a composite number?
False
Suppose 10*t - 3*p - 60 = 5*t, 2*p = -4*t + 70. Is t a composite number?
True
Suppose -b + 4*l = -67, -b = -6*b - 2*l + 247. Is b composite?
True
Let b be -5*-4*57/30. Let k = 79 - b. Suppose -5*q + 4*j + 79 = 0, -4*q + k = -4*j - 19. Is q composite?
False
Let y be 4/(-10) + (-48)/(-20). Let i be (3/9)/(y/228). Let w = i - 7. Is w a prime number?
True
Suppose 9*j - 14*j = -5245. Is j composite?
False
Suppose -3338 - 1652 = -10*t. Is t a composite number?
False
Let t(b) = -27*b**3 - 4*b**2 - 3*b - 5. Is t(-2) composite?
True
Suppose -g = -5*m + 15, 1 = -0*m + 3*m + g. Suppose -5*n + 17 = m. Is 1/((n/(-63))/(-1)) prime?
False
Let p be 1/(-2) - 7